Let l be (-4 + 25/x)/((-6)/8). Suppose -5*u = 2*r - 219, u + l*r = 5*r + 37. What is the units digit of u?
3
Let x = 863 + -486. Suppose -u + 145 = 4*t - 1363, -t + x = -5*u. What is the tens digit of t?
7
Suppose 502*n - 496*n = 2166. Suppose 0 = 11*y - 1692 + n. What is the hundreds digit of y?
1
Suppose 3 = t, 0 = -2*h + 2*t + 2*t - 48. Let q = 36 + h. Suppose q = 5*s - 182. What is the units digit of s?
0
Let j(s) = 1652*s + 939. What is the units digit of j(4)?
7
Let k(a) = 2*a**3 + 6*a**2 - 31*a - 23. What is the hundreds digit of k(14)?
2
Let h = 7659 - 5494. What is the units digit of h?
5
Let f(w) = 697*w**2 + 18*w + 186. What is the thousands digit of f(-6)?
5
Suppose -565*b + 569*b - 20 = 0. Let r(h) = 77*h + 53. What is the tens digit of r(b)?
3
Let t = -13 + 19. Suppose 3*f - 18 = -t*f. Suppose 3*c = c - a + 111, -5*c + 277 = f*a. What is the units digit of c?
5
Let f = 242 + -248. Let u(l) = -l + 53. What is the tens digit of u(f)?
5
Suppose -711984 = 130*k - 178*k. What is the tens digit of k?
3
Suppose 14 = -4*i + 2*v, 0 = -i - 3*v - 0*v. What is the tens digit of -4*i/30 + 696/10?
7
Let a = -1795 + 238. Let r be 4/(12/a)*5/(-15). Let k = r - 72. What is the tens digit of k?
0
Let q = 36708 - -18206. What is the hundreds digit of q?
9
Suppose 10 = 4*s - 6*s. Let n = s + 1. Let k = n - -13. What is the units digit of k?
9
Let w be (2/(-4) - (-21)/28)*8. Suppose -w*z = 10, 3*l + 0*l = 2*z + 253. What is the tens digit of l?
8
Suppose -11*y + 7 = -4. What is the hundreds digit of y*2*-2 + (-32 - -176)?
1
Let j be (-124)/(-18) + (-15)/(-135). Suppose -11*g + 1088 = -j*g. What is the units digit of g?
2
Let o(l) be the third derivative of -l**5/30 - 23*l**4/8 + 41*l**3/6 - 65*l**2. What is the hundreds digit of o(-33)?
1
Suppose 5771 = 2*d - 8*f - 1781, -4*d = 2*f - 15014. What is the thousands digit of d?
3
Let z(l) = -24*l - 4. Let p be z(-6). Let s be 2/9 + 1364/18. Let x = p - s. What is the tens digit of x?
6
Let c(s) = 111*s + 56. Let m(b) = b**3 + 6*b**2 + 9*b + 9. Let n be m(-5). Let d(g) = 22*g + 11. Let j(a) = n*d(a) + 2*c(a). What is the units digit of j(-3)?
1
Let w be (3 + 0)*(-2)/(-6). Let a be w*(3 - (-3 + 5)). Suppose -49 + a = -l. What is the tens digit of l?
4
Suppose -134961 = -45*u - 19806. What is the units digit of u?
9
Suppose 11*k - 3*k - 67044 = -4*k. What is the units digit of k?
7
Suppose 14*t + 210231 = 35*t. What is the thousands digit of t?
0
Let b = 22030 - 10580. What is the ten thousands digit of b?
1
Let m be (1 + -2)*5*(-4)/10. Suppose m*i - 706 - 358 = 0. Suppose -61*h - i = -65*h. What is the hundreds digit of h?
1
Suppose 5*h - 24*v + 22*v + 6531 = 0, 5*v + 3900 = -3*h. Let d = -671 - h. What is the tens digit of d?
3
Suppose -6*w = 3*w + 9. Let c(b) = -4*b + 3. Let i be c(w). Suppose 0 = i*n + 89 - 1335. What is the units digit of n?
8
Suppose -9*b + 5*b = 3*h - 4770, 0 = -3*b - 3*h + 3576. Let m = -524 + b. What is the units digit of m?
0
Let l(h) = -8*h**2 + 21*h - 25. Let k(i) = 8*i**2 - 21*i + 23. Let v(g) = -2*k(g) - 3*l(g). What is the tens digit of v(8)?
7
Let y = 13060 - 11897. What is the tens digit of y?
6
Suppose 53 = 3*k + 41. Suppose -5*v = 1190 - 360. Let c = k - v. What is the tens digit of c?
7
Let t be ((-96)/18)/8*-66. Suppose t*z - 15*z = 9280. What is the tens digit of z?
2
Let c = -76 + 79. Let k be (-30)/(-6) + (5 - c)*-1. Suppose k*l + 374 - 1055 = 4*v, -l = -5*v - 216. What is the hundreds digit of l?
2
Let i = -193 - -695. Let s = 673 - i. What is the hundreds digit of s?
1
Let z = 19560 - 15076. What is the tens digit of z?
8
Suppose -165 = 3*l - 462. Suppose 37800 = -l*s + 123*s. What is the tens digit of s?
7
Suppose -7*a + 29954 = 10*a. Let z = -852 + a. What is the hundreds digit of z?
9
Let n = 10 + -5. Suppose -n*c - 4*o = -4, -o = 2*c + 3*c - 16. Suppose 5*g - 3*y + y - 265 = 0, c*y = g - 53. What is the units digit of g?
3
Suppose -k - 514 + 5567 = -4*v, -15223 = -3*k - 4*v. What is the units digit of k?
9
Let y(w) = -w**2 - 46*w + 391. Let c be y(0). Suppose -385*k = -c*k + 1344. What is the tens digit of k?
2
Suppose 7792400 = 181*h + 72*h. What is the units digit of h?
0
Suppose -459*c + 225180 = -432*c. What is the units digit of c?
0
What is the units digit of 133/((4/7 + (-4505)/8092)*4)?
1
Let o = 94217 - 65143. What is the hundreds digit of o?
0
Let g be (-749)/(-3) - (-4)/12. Suppose 2*f - v = -2*f - g, 5*f - 4*v + 318 = 0. Let s = f + 115. What is the tens digit of s?
5
Suppose -2*c + 82776 = 7*j, 5*j = -10*c + 9*c + 41391. What is the hundreds digit of c?
3
Suppose 81*p - 33*p + 2336346 = 285*p. What is the units digit of p?
8
Let h = -7661 - -7566. Let y be (24 + 0)/(3/(-20)). Let a = h - y. What is the units digit of a?
5
Let c(y) = y**2 - 27*y + 112. Let p be c(5). Suppose 0*d = z + p*d - 468, -d - 453 = -z. What is the tens digit of z?
5
Let w = -21226 + 63148. What is the thousands digit of w?
1
Suppose 7*j = -15*j + 10472. What is the hundreds digit of j?
4
Let d = 4020 - 2732. Suppose -87*n = -80*n - d. What is the tens digit of n?
8
Let m be 43736/126 - 5/45. Let l = m + -109. What is the hundreds digit of l?
2
Let z(t) = -3*t**3 - 39*t**2 - 192*t - 487. What is the hundreds digit of z(-21)?
1
Let m be (3 - 10/4)*0 - -2. Let y(l) = 7*l**m + 0*l**2 - 10 - 13*l**2 + 6*l + 3 - l**3. What is the tens digit of y(-8)?
7
Let o be (14/21)/2*0. What is the tens digit of (-1 - 2)/(o - 27/3582)?
9
Suppose 75 = 16*p - 21*p. Let w be 3*((-265)/p + 5). Let x = w - -13. What is the tens digit of x?
8
Let x = -4278 + 2821. Let d = -959 - x. What is the tens digit of d?
9
Let a = 90 - 104. What is the units digit of 4/a + 848/28 + 1?
1
Let m = -373 - 505. Let g = m - -1032. What is the units digit of g?
4
What is the hundreds digit of 331618/42 + 3/(45/(-10))?
8
Let f = 108 - 108. Suppose f = -3*n + 8*d - 3*d + 2963, 4 = -d. What is the tens digit of n?
8
Suppose -8*u = 3*u + 17699. Let q = -845 - u. What is the units digit of q?
4
Suppose 4*w - n = -18, -3*w + n = 19 - 5. What is the units digit of (w - (-2)/(-2) - -4) + 308?
7
Let b(s) = 13*s**2 - 430*s + 229. What is the hundreds digit of b(61)?
3
Suppose 0 = 4*l + 2*l - 24. Suppose -11*r + 623 = -l*r. Let i = r + 1. What is the tens digit of i?
9
Let x = -5049 - -9214. What is the tens digit of x?
6
Let r(f) = -14*f + 47. Let x(u) = 5*u - 16. Let w(z) = -6*r(z) - 17*x(z). Let q be w(-12). What is the hundreds digit of q*-1 - (-19)/(38/264)?
1
Suppose d + 2*d = 3*g + 66, 5*g + 100 = 3*d. Let f(x) = x**2 + 19*x + 13. Let n be f(g). What is the units digit of (-22)/8*(17 + n)?
1
Suppose 0 = 5*b - 1 + 6, 0 = -5*m - 4*b - 99. Let v(t) = t**2 + 19*t + 2. Let o be v(m). What is the tens digit of (0 - 8/(-6))/(o/171)?
1
What is the thousands digit of (44/(-5))/(648/(-277020))?
3
Suppose -25 = -3*g - 2*c, 3*g = -2*g + 4*c + 27. Suppose g*b - 78 = 6*b. What is the hundreds digit of 45/6*b/5?
1
Let d = 909 - -5224. What is the units digit of d?
3
Let k(l) = -l**3 - 9*l**2 + 4*l + 12. Let c be k(-7). Let o = c + -102. Let f = o - -381. What is the hundreds digit of f?
1
Let c(x) = -5*x**3 + 2*x**2 + 4*x + 3400. What is the units digit of c(0)?
0
Let j be ((7 - 82)*15)/1. Let t = j - -2444. What is the hundreds digit of t?
3
Suppose 13507 - 57797 = -2*n + 4*c, -4*c - 22133 = -n. What is the tens digit of n?
5
Let w = 119034 - 65740. What is the thousands digit of w?
3
Let n = 61639 - 32141. What is the units digit of n?
8
Let y = 114 + -109. Suppose 0 = -j - y, -t - 3*t = -4*j - 1048. What is the tens digit of t?
5
Let x(a) = -4*a + 3*a - 20 + 23. What is the units digit of x(-8)?
1
Let w = -16 - -12. Let c be (4 + (-18)/4)*w. Suppose 0 = 3*p + t + 4*t - 33, c*t + 55 = 5*p. What is the units digit of p?
1
Let d(o) = -85*o - 48. Let i(c) = -91*c - 49. Let p(u) = 3*d(u) - 2*i(u). What is the tens digit of p(-16)?
2
Suppose x + 4*x + 5*p = 0, 3*x + 2 = -4*p. Suppose -x*h = -4*d + 798, -d - h + 1015 = 4*d. Suppose 44 = -2*g + d. What is the units digit of g?
9
Let r(p) = p + 168. Let o be r(39). Let a = o - 114. What is the units digit of a?
3
Suppose 10*s = 5*p + 8*s - 69, 4 = -2*s. Suppose 2006 = -p*k + 13329. What is the tens digit of k?
7
Suppose -5*t = -3*z - 8730, -4*t - 2*z + 4787 = -2197. What is the units di